{"id":13,"date":"2023-01-24T10:53:10","date_gmt":"2023-01-24T09:53:10","guid":{"rendered":"https:\/\/plonkaimmobilien.wordpress.com\/home-2\/"},"modified":"2023-01-24T10:53:10","modified_gmt":"2023-01-24T09:53:10","slug":"home-2","status":"publish","type":"page","link":"https:\/\/plonka-immobilien.de\/?page_id=13","title":{"rendered":"\u00dcber uns"},"content":{"rendered":"\n<div class=\"wp-block-group alignfull is-layout-flow wp-block-group-is-layout-flow\" style=\"margin-top:0px;margin-bottom:0px\">\n<p class=\"has-text-align-center has-primary-color has-text-color\">Seit der Gewerbegr\u00fcndung im Jahr 2013 besch\u00e4ftigt sich die Plonka Immobilien GmbH mit der Verwaltung und Vermarktung von verschiedenen Immobilien am Niederrhein und im Gro\u00dfraum Rhein-Ruhr.<\/p>\n\n\n\n<p class=\"has-text-align-center has-primary-color has-text-color\">Wir begleiten Sie und Ihre (zuk\u00fcnftige) Immobilie durch den gesamten Verkaufsprozess und stehen Ihnen dabei mit Rat und Tat zur Seite. Unsere Profession ist die ma\u00dfgeschneiderte und faire Abwicklung nicht nur beim Verkauf, sondern auch bei der Vermietung Ihrer Immobilien.<\/p>\n\n\n\n<div class=\"wp-block-jetpack-slideshow aligncenter\" data-autoplay=\"true\" data-delay=\"3\" data-effect=\"fade\"><div class=\"wp-block-jetpack-slideshow_container swiper-container\"><ul class=\"wp-block-jetpack-slideshow_swiper-wrapper swiper-wrapper\"><li class=\"wp-block-jetpack-slideshow_slide swiper-slide\"><figure><img decoding=\"async\" alt=\"\" class=\"wp-block-jetpack-slideshow_image wp-image-110\" data-id=\"110\" src=\"https:\/\/plonka-immobilien.de\/wp-content\/uploads\/2023\/02\/p7131780-1.jpg?w=1024\" \/><figcaption class=\"wp-block-jetpack-slideshow_caption gallery-caption\">OLYMPUS DIGITAL CAMERA<\/figcaption><\/figure><\/li><li class=\"wp-block-jetpack-slideshow_slide swiper-slide\"><figure><img decoding=\"async\" alt=\"\" class=\"wp-block-jetpack-slideshow_image wp-image-113\" data-id=\"113\" src=\"https:\/\/plonka-immobilien.de\/wp-content\/uploads\/2023\/02\/img_20200317_125718.jpg?w=1024\" \/><\/figure><\/li><li class=\"wp-block-jetpack-slideshow_slide swiper-slide\"><figure><img decoding=\"async\" alt=\"\" class=\"wp-block-jetpack-slideshow_image wp-image-114\" data-id=\"114\" src=\"https:\/\/plonka-immobilien.de\/wp-content\/uploads\/2023\/02\/img_3593.jpg?w=768\" \/><\/figure><\/li><li class=\"wp-block-jetpack-slideshow_slide swiper-slide\"><figure><img loading=\"lazy\" decoding=\"async\" width=\"2080\" height=\"1560\" alt=\"\" class=\"wp-block-jetpack-slideshow_image wp-image-116\" data-id=\"116\" src=\"https:\/\/plonka-immobilien.de\/wp-content\/uploads\/2023\/02\/handy-486.jpg?w=1024\" srcset=\"https:\/\/plonka-immobilien.de\/wp-content\/uploads\/2023\/02\/handy-486.jpg 2080w, https:\/\/plonka-immobilien.de\/wp-content\/uploads\/2023\/02\/handy-486-300x225.jpg 300w, https:\/\/plonka-immobilien.de\/wp-content\/uploads\/2023\/02\/handy-486-1024x768.jpg 1024w, https:\/\/plonka-immobilien.de\/wp-content\/uploads\/2023\/02\/handy-486-768x576.jpg 768w, https:\/\/plonka-immobilien.de\/wp-content\/uploads\/2023\/02\/handy-486-1536x1152.jpg 1536w, https:\/\/plonka-immobilien.de\/wp-content\/uploads\/2023\/02\/handy-486-2048x1536.jpg 2048w\" sizes=\"auto, (max-width: 2080px) 100vw, 2080px\" \/><\/figure><\/li><\/ul><a class=\"wp-block-jetpack-slideshow_button-prev swiper-button-prev swiper-button-white\" role=\"button\"><\/a><a class=\"wp-block-jetpack-slideshow_button-next swiper-button-next swiper-button-white\" role=\"button\"><\/a><a aria-label=\"Pause Slideshow\" class=\"wp-block-jetpack-slideshow_button-pause\" role=\"button\"><\/a><div class=\"wp-block-jetpack-slideshow_pagination swiper-pagination swiper-pagination-white\"><\/div><\/div><\/div>\n<\/div>\n\n\n\n<div class=\"wp-block-group alignfull has-background-background-color has-background is-layout-constrained wp-block-group-is-layout-constrained\" style=\"margin-top:0px;margin-bottom:0px;padding-top:7vw;padding-bottom:7vw\">\n<h2 class=\"wp-block-heading alignwide has-text-align-center has-primary-color has-text-color\" style=\"margin-bottom:3.5vw\">Unser Dienstleistungsangebot<\/h2>\n\n\n\n<div class=\"wp-block-columns alignwide is-layout-flex wp-container-core-columns-is-layout-28f84493 wp-block-columns-is-layout-flex\">\n<div class=\"wp-block-column is-layout-flow wp-container-core-column-is-layout-1a0eff7f wp-block-column-is-layout-flow\" style=\"flex-basis:33.34%\">\n<figure class=\"wp-block-image size-full is-resized\"><img loading=\"lazy\" decoding=\"async\" src=\"https:\/\/plonka-immobilien.de\/wp-content\/uploads\/2023\/01\/pexels-photo-313691.jpeg\" alt=\"\" class=\"wp-image-78\" width=\"286\" height=\"214\" srcset=\"https:\/\/plonka-immobilien.de\/wp-content\/uploads\/2023\/01\/pexels-photo-313691.jpeg 1733w, https:\/\/plonka-immobilien.de\/wp-content\/uploads\/2023\/01\/pexels-photo-313691-300x225.jpeg 300w, https:\/\/plonka-immobilien.de\/wp-content\/uploads\/2023\/01\/pexels-photo-313691-1024x768.jpeg 1024w, https:\/\/plonka-immobilien.de\/wp-content\/uploads\/2023\/01\/pexels-photo-313691-768x576.jpeg 768w, https:\/\/plonka-immobilien.de\/wp-content\/uploads\/2023\/01\/pexels-photo-313691-1536x1152.jpeg 1536w\" sizes=\"auto, (max-width: 286px) 100vw, 286px\" \/><\/figure>\n\n\n\n<p class=\"has-primary-color has-text-color\">Bewertung &amp; Vermarktung<\/p>\n\n\n\n<p class=\"has-primary-color has-text-color has-small-font-size\">Als erfahrene Immobilienmakler verf\u00fcgen wir \u00fcber fundierte Marktkenntnisse und k\u00f6nnen den optimalen Angebotspreis f\u00fcr Ihre Immobilie ermitteln. <\/p>\n\n\n\n<p class=\"has-primary-color has-text-color has-small-font-size\">Wir begleiten Sie w\u00e4hrend des gesamten Verkaufsprozesses \u2013 von der Zusammenstellung aller ben\u00f6tigten Unterlagen bis zur Abwicklung des Kaufvertrages.<\/p>\n\n\n\n<p class=\"has-foreground-color has-text-color has-small-font-size\"><a href=\"https:\/\/plonkaimmobilien.wordpress.com\/bewertung-vermarktung\/\">weiter<\/a><\/p>\n<\/div>\n\n\n\n<div class=\"wp-block-column is-layout-flow wp-container-core-column-is-layout-1a0eff7f wp-block-column-is-layout-flow\" style=\"flex-basis:33.34%\">\n<figure class=\"wp-block-image size-full is-resized\"><img loading=\"lazy\" decoding=\"async\" src=\"https:\/\/plonka-immobilien.de\/wp-content\/uploads\/2023\/01\/pexels-photo-357514.jpeg\" alt=\"\" class=\"wp-image-76\" width=\"325\" height=\"216\" srcset=\"https:\/\/plonka-immobilien.de\/wp-content\/uploads\/2023\/01\/pexels-photo-357514.jpeg 1880w, https:\/\/plonka-immobilien.de\/wp-content\/uploads\/2023\/01\/pexels-photo-357514-300x200.jpeg 300w, https:\/\/plonka-immobilien.de\/wp-content\/uploads\/2023\/01\/pexels-photo-357514-1024x682.jpeg 1024w, https:\/\/plonka-immobilien.de\/wp-content\/uploads\/2023\/01\/pexels-photo-357514-768x512.jpeg 768w, https:\/\/plonka-immobilien.de\/wp-content\/uploads\/2023\/01\/pexels-photo-357514-1536x1024.jpeg 1536w\" sizes=\"auto, (max-width: 325px) 100vw, 325px\" \/><\/figure>\n\n\n\n<p class=\"has-primary-color has-text-color\">WEG- und Mietverwaltung<\/p>\n\n\n\n<p class=\"has-primary-color has-text-color has-small-font-size\">Gerne sind wir ihr zuverl\u00e4ssiger Partner, wenn es um WEG- und Mietverwaltung geht. Auch die Gewerbe- und Grundst\u00fcckverwaltung geh\u00f6rt zu unseren Kernkompetenzen.<\/p>\n\n\n\n<p class=\"has-primary-color has-text-color has-small-font-size\">Neben der allt\u00e4glichen Objektbetreuung und der Abwicklung des Tagesgesch\u00e4fts rund um ihre Immobilie, sind wir Ihr zuverl\u00e4ssiger Ansprechpartner bei der Erstellung wirtschaftlicher Unterlagen wie beispielsweise der Betriebskostenabrechnung. <\/p>\n\n\n\n<p class=\"has-foreground-color has-text-color has-small-font-size\"><a href=\"https:\/\/plonkaimmobilien.wordpress.com\/weg-miet-und-eigentumsverwaltung\/\">weiter<\/a><\/p>\n<\/div>\n\n\n\n<div class=\"wp-block-column is-layout-flow wp-container-core-column-is-layout-1a0eff7f wp-block-column-is-layout-flow\" style=\"flex-basis:33.33%\">\n<figure class=\"wp-block-image size-full\"><img loading=\"lazy\" decoding=\"async\" width=\"1880\" height=\"1255\" src=\"https:\/\/plonka-immobilien.de\/wp-content\/uploads\/2023\/01\/pexels-photo-7937728-1.jpeg\" alt=\"\" class=\"wp-image-79\" srcset=\"https:\/\/plonka-immobilien.de\/wp-content\/uploads\/2023\/01\/pexels-photo-7937728-1.jpeg 1880w, https:\/\/plonka-immobilien.de\/wp-content\/uploads\/2023\/01\/pexels-photo-7937728-1-300x200.jpeg 300w, https:\/\/plonka-immobilien.de\/wp-content\/uploads\/2023\/01\/pexels-photo-7937728-1-1024x684.jpeg 1024w, https:\/\/plonka-immobilien.de\/wp-content\/uploads\/2023\/01\/pexels-photo-7937728-1-768x513.jpeg 768w, https:\/\/plonka-immobilien.de\/wp-content\/uploads\/2023\/01\/pexels-photo-7937728-1-1536x1025.jpeg 1536w\" sizes=\"auto, (max-width: 1880px) 100vw, 1880px\" \/><\/figure>\n\n\n\n<p class=\"has-primary-color has-text-color\">Beratung &amp; Planung<\/p>\n\n\n\n<p class=\"has-primary-color has-text-color has-small-font-size\">Durch jahrelange Erfahrung in der Bau- &amp; Immobilienbranche k\u00f6nnen wir Sie umfassend beraten und ihr Konzept vom &#8222;Traumheim&#8220; oder dem perfekten Anlageobjekt zusammen ausarbeiten und umsetzen. Durch regelm\u00e4\u00dfige Fort- und Weiterbildungen unseres Teams k\u00f6nnen wir Ihnen stets eine aktuelle und zeitgem\u00e4\u00dfe Beratung anbieten, die auch Aspekte aus dem aktuellen Marktgeschehen ber\u00fccksichtigt.<\/p>\n\n\n\n<p class=\"has-foreground-color has-text-color has-small-font-size\"><a href=\"https:\/\/plonkaimmobilien.wordpress.com\/contact\/\">weiter<\/a><\/p>\n<\/div>\n<\/div>\n<\/div>\n\n\n\n<div class=\"wp-block-group alignfull has-text-color has-background is-layout-constrained wp-block-group-is-layout-constrained\" style=\"color:#0b0b0b;background-color:#f2f2f2;margin-top:0px;margin-bottom:0px;padding-top:7vw;padding-bottom:7vw\">\n<div class=\"wp-block-columns alignwide is-layout-flex wp-container-core-columns-is-layout-28f84493 wp-block-columns-is-layout-flex\">\n<div class=\"wp-block-column is-layout-flow wp-block-column-is-layout-flow\" style=\"flex-basis:50%\">\n<h2 class=\"wp-block-heading has-small-font-size\" style=\"margin-top:0px;margin-bottom:0px\">Was andere \u00fcber uns sagen:<\/h2>\n<\/div>\n<\/div>\n\n\n\n<div class=\"wp-block-columns alignwide is-layout-flex wp-container-core-columns-is-layout-28f84493 wp-block-columns-is-layout-flex\">\n<div class=\"wp-block-column is-layout-flow wp-block-column-is-layout-flow\" style=\"flex-basis:50%\">\n<p class=\"has-medium-font-size\" style=\"line-height:1.4\">\u201cIhr Ansprechpartner in Zwangsversteigerungsverfahren! Professionelles, kompetentes Team. Bei Plonka Immobilien wird zuverl\u00e4ssig gearbeitet. Sie haben mir sehr weitergeholfen und mich bis zum Schluss betreut.\u201d <\/p>\n\n\n\n<p class=\"has-small-font-size\">\u2014 A. Neumayer<\/p>\n<\/div>\n\n\n\n<div class=\"wp-block-column is-layout-flow wp-block-column-is-layout-flow\" style=\"flex-basis:50%\">\n<p class=\"has-medium-font-size\" style=\"line-height:1.4\">\u201cSehr Nette, pers\u00f6nliche Beratung. Schnelle Zusammenarbeit, stets transparent im Umgang. Vermittelt bei Bedarf sehr gekonnt und m\u00f6chte nicht nur verkaufen, sondern eher vermitteln und eine Verbindung herstellen, die eine gute Grundlage zwischen Vermieter und Mieter legt.<br>Spricht auch deutlich die Nachteile an, damit man sich vor Vertragsabschluss bewusst ist, was auf einen zukommt. Guter Mann, w\u00e4rmstens weiterzuempfehlen!\u201d<\/p>\n\n\n\n<p class=\"has-small-font-size\">\u2014 T. Goebel<\/p>\n<\/div>\n<\/div>\n<\/div>\n\n\n\n<div class=\"wp-block-group alignfull has-background-background-color has-background is-layout-constrained wp-block-group-is-layout-constrained\" style=\"margin-top:0px;margin-bottom:0px;padding-top:7vw;padding-bottom:7vw\">\n<div class=\"wp-block-columns alignwide is-layout-flex wp-container-core-columns-is-layout-28f84493 wp-block-columns-is-layout-flex\">\n<div class=\"wp-block-column is-layout-flow wp-block-column-is-layout-flow\">\n<h2 class=\"wp-block-heading has-primary-color has-text-color\" style=\"margin-top:0px\">Kontakten Sie uns<\/h2>\n\n\n\n<p class=\"has-primary-color has-text-color\">info@plonka-immobilien.de<br>Tel. 02845 7050 \/ Fax. 02845 7005<\/p>\n\n\n\n<p class=\"has-primary-color has-text-color has-small-font-size\">Niederrheinallee 345b <br>47506 Neukirchen-Vluyn<br>Termine in unseren R\u00e4umlichkeiten k\u00f6nnen nur nach vorheriger Terminabsprache stattfinden<\/p>\n<\/div>\n\n\n\n<div class=\"wp-block-column is-layout-flow wp-block-column-is-layout-flow\">\n<div class=\"wp-block-jetpack-contact-form\">\n\n\n\n\n\n\n\n<\/div>\n<\/div>\n<\/div>\n<\/div>\n","protected":false},"excerpt":{"rendered":"<p>Seit der Gewerbegr\u00fcndung im Jahr 2013 besch\u00e4ftigt sich die Plonka Immobilien GmbH mit der Verwaltung [&hellip;]<\/p>\n","protected":false},"author":2,"featured_media":0,"parent":0,"menu_order":0,"comment_status":"closed","ping_status":"closed","template":"","meta":{"footnotes":""},"class_list":["post-13","page","type-page","status-publish","hentry"],"_links":{"self":[{"href":"https:\/\/plonka-immobilien.de\/index.php?rest_route=\/wp\/v2\/pages\/13","targetHints":{"allow":["GET"]}}],"collection":[{"href":"https:\/\/plonka-immobilien.de\/index.php?rest_route=\/wp\/v2\/pages"}],"about":[{"href":"https:\/\/plonka-immobilien.de\/index.php?rest_route=\/wp\/v2\/types\/page"}],"author":[{"embeddable":true,"href":"https:\/\/plonka-immobilien.de\/index.php?rest_route=\/wp\/v2\/users\/2"}],"replies":[{"embeddable":true,"href":"https:\/\/plonka-immobilien.de\/index.php?rest_route=%2Fwp%2Fv2%2Fcomments&post=13"}],"version-history":[{"count":0,"href":"https:\/\/plonka-immobilien.de\/index.php?rest_route=\/wp\/v2\/pages\/13\/revisions"}],"wp:attachment":[{"href":"https:\/\/plonka-immobilien.de\/index.php?rest_route=%2Fwp%2Fv2%2Fmedia&parent=13"}],"curies":[{"name":"wp","href":"https:\/\/api.w.org\/{rel}","templated":true}]}}